 = p - 6, -p + 2*c = -11. Let m = -9 + p. Suppose 0*i + 2 = -j + 2*i, m = 2*j - i. What is the units digit of j?
2
What is the units digit of -2617*4/24*42/(-7)?
7
Let v(w) = 80*w - 18. Let k be v(2). Let t = -38 + k. What is the units digit of t?
4
Let k = -5 - -5. Let f = k + 5. Suppose -2*h = 3*v - 34, f - 1 = -2*v. What is the tens digit of h?
2
Let z(g) be the third derivative of g**6/120 + g**5/10 - g**3/6 + g**2. Let y(n) = -9*n - 5. Let q be y(0). What is the units digit of z(q)?
4
Let r = 101 + -83. Suppose 850 = r*c - 50. What is the tens digit of c?
5
Suppose -4*x + 66 = -x. Let r be x + -5 - 4/2. Suppose r = y - 0*y. What is the units digit of y?
5
Let r = 3 + 4. Let x be (-16)/56 + 58/r. Suppose 144 = x*s - 4*s. What is the tens digit of s?
3
Let o = 23 + -10. Suppose p - 27 - o = 0. Suppose -4*u = -p - 36. What is the tens digit of u?
1
Let w(v) = -5*v - 3*v**3 - 6 + 2 - 7. What is the tens digit of w(-3)?
8
Let y(q) = -q**3 - 3*q**2 - 2*q. Let r be y(-2). Let f(w) = -w**2 - w + 33. What is the units digit of f(r)?
3
Suppose 5*u - 4*j - 14 = 0, -3*u + 0*j + j = -7. Let v(a) = u - 1 - 7*a - 3. What is the units digit of v(-6)?
0
What is the thousands digit of ((-15738)/(-15))/(24/60)?
2
Suppose -72*m = -78*m + 1356. What is the tens digit of m?
2
Suppose 48*a - 43*a = 22155. What is the units digit of a?
1
What is the tens digit of 10/12 + (-11693)/(-66) - 0?
7
Let c be (40/4 - 0)/2 + 2. Suppose 3*j - 19 + c = 0. What is the units digit of j?
4
Let p(u) = u**2 + 14*u + 3. Let s be p(-14). Suppose 4*z - d - 1030 = -2*d, s*z + 2*d = 775. What is the hundreds digit of z?
2
Let g(m) = 2*m**2 - 8*m + 9. Let p(d) = -d**3 + 7*d**2 + 2*d - 4. Let c be p(7). Let y = 16 - c. What is the units digit of g(y)?
3
Let f = -644 - -1960. What is the thousands digit of f?
1
Let t = 122 - -291. What is the tens digit of t?
1
Suppose -2*x - 8 = 0, 0*j - 3*x - 87 = -j. Let z be ((-34)/(-3))/(5/j). Let m = z + -95. What is the tens digit of m?
7
Let h be ((-2)/(-4))/(5/30). Suppose 0 = -9*s + h*s + 6. What is the units digit of s?
1
Suppose 0 = -3*t - 2*t + 230. Let c(k) = 4*k + t - 51 - 10*k. What is the units digit of c(-5)?
5
Let c(u) = 3*u**2 - 2*u. Let t be c(2). Let z(a) = 0*a - 6 + 4*a - t. What is the tens digit of z(15)?
4
Let t(i) = 4*i + 1. Let b(y) = -y + 7. Let c be b(6). Let d be t(c). Suppose -5*z = -d*x - 65, 3*x + 73 = 5*z - 0. What is the units digit of z?
7
Let o be 69/21 - 6/21. Suppose -7*d = -o*d + 124. Let p = d - -47. What is the tens digit of p?
1
Let g(q) = 2*q**2 - 23*q - 12. Let h be g(12). Suppose -w - 2*m + 259 = h, 391 = 2*w - 2*m - 115. What is the hundreds digit of w?
2
Suppose 2*a + 4*s = s + 3911, 0 = 4*a - 2*s - 7830. What is the tens digit of a?
5
Let f(z) = -6*z + 1. Let b(p) = 12*p - 2. Let k(t) = 4*b(t) + 7*f(t). Let w be (70/25)/(-1 + 49/35). What is the tens digit of k(w)?
4
Let t = 0 + 4. Suppose t*f = -375 + 99. Let a = f - -112. What is the tens digit of a?
4
Suppose z - 2*a + 4 = -7, 5*z = -a. Let r(q) = -5*q**3 + q. Let f be r(z). Suppose -5*m - 13 + 1 = j, 4*j + f*m = 32. What is the tens digit of j?
1
Let f be ((-1)/2)/((-2)/92). Let t = f - -2. What is the units digit of t?
5
Suppose -18*l + 23*l = 105. Let y = 24 - l. Suppose 4*z + 4*n = 3*n + 17, 0 = y*n + 9. What is the units digit of z?
5
Let c be (1 + 27/(-7))/((-2)/7). Suppose -c*q + 320 = -0*q. What is the tens digit of q?
3
Suppose -6*t + 21 - 3 = 0. Suppose 248 = -t*o + o. Let y = -84 - o. What is the tens digit of y?
4
Suppose 7 = j - 34. Let n = j + -35. What is the tens digit of (20/n)/((-18)/(-297))?
5
Let b = -1454 + 2588. What is the units digit of b?
4
Suppose 3*d = 2*t + 211, 5*d - 330 = 2*t - 3*t. What is the units digit of d?
7
Suppose 30014 = 46*b - 46208. What is the thousands digit of b?
1
Let l = 146 + -98. Let r = l - 47. What is the units digit of r?
1
Suppose 25*m - 5*m - 4700 = 0. What is the hundreds digit of m?
2
Let l be (14 - 5)*(3 + -22). Let m = 246 + l. What is the tens digit of m?
7
Suppose -5*r - 700 = -9*r. What is the units digit of r?
5
Suppose 4*u - 10 = -u. Suppose -u*j = 2*j - 8. Suppose 3*p - 3*c - 34 = p, 3*c = -j*p + 46. What is the tens digit of p?
2
Suppose g - 7 = -0*g + 3*m, -4*g = -4*m + 4. Let a = g - -15. What is the tens digit of a?
1
Suppose 0 = 10*a - 1 + 71. Let i(j) = 6*j**2 + 13*j - 4. Let b(t) = 5*t**2 + 13*t - 3. Let k(c) = -5*b(c) + 4*i(c). What is the units digit of k(a)?
1
Let h = -4 + 6. Suppose -c = -h*c - 9. Let y = c + 25. What is the units digit of y?
6
Let p = 3 - -3. Suppose 16 = -2*a + p*a. Suppose a*l = 0, -366 + 111 = -5*c + 5*l. What is the units digit of c?
1
Let w = 37 - 32. Suppose 4*p + t + 12 = -t, 0 = -w*t - 10. What is the tens digit of (-51)/p + 4/(-8)?
2
Let d = 13 + -8. Suppose -4*t + 96 = -5*w, -4*t - d*w = -4*w - 96. What is the units digit of t?
4
Let z be (3/6 + 0)/((-2)/(-36)). Suppose z*k = 801 + 1422. What is the hundreds digit of k?
2
Suppose 5*i + 4*z + 6 = 0, -5*i - 3*z + 26 = -7*z. Suppose a + y = -2*y + 69, -3*a = i*y - 242. What is the units digit of a?
4
Suppose 0 = -3*w + 8*w - 45. Let i(t) = 5 + 5*t + 7*t**2 - w + 9. What is the tens digit of i(-2)?
2
Suppose 3*w = 2*z - 19 - 3, -w + z = 8. Let v be (7 + w)*(1 - -2). Suppose -5*o = -v*o - 18. What is the units digit of o?
9
Let i(a) = -2*a + 18. Let m be i(8). Suppose 17 = -3*h + 2, 0 = 3*v - m*h - 43. What is the units digit of v?
1
Suppose 3*j - 12 = -0. Suppose -x = -j*x + 87. What is the units digit of x?
9
Suppose 5*k = 6*k - 2. Let a(i) = 13*i**2 + 5*i - 6. What is the units digit of a(k)?
6
Let h = -11 + 8. Let t be -3 + 3 + h + 8. Suppose -4*b + 148 = -4*c, -4*b + 0*c = -t*c - 152. What is the units digit of b?
3
Suppose 2 = c - 2. Suppose -c*i + 123 + 73 = 0. What is the tens digit of i?
4
Suppose 0*z - 2*z = 174. Let n = 68 + -104. Let x = n - z. What is the units digit of x?
1
Let o(z) be the first derivative of z**4/2 - 2*z**3 + 3*z**2/2 + 3*z + 9. What is the tens digit of o(4)?
4
Let q = -129 + 3954. What is the thousands digit of q?
3
What is the units digit of -9 + 11 + -2 - (-5028 - -1)?
7
What is the hundreds digit of ((-4225)/(-20))/((-5)/(-20))?
8
Let h be (-568 - 2)/(-3) - 4. Let o = h - 117. What is the units digit of o?
9
What is the units digit of (24/(-45)*3)/((-14)/665)?
6
Let j(d) = -4*d + 15. Let k be j(-8). Suppose -2*l + 3*y + 49 = 0, -2*l + k = -0*y - y. What is the units digit of l?
3
Let s be 86*5 + 3 + -1. What is the units digit of (-1 - (-13)/(-2))*s/(-60)?
4
Let n = 481 + 83. What is the units digit of n?
4
Suppose 3*r + 2*r + 35 = -4*m, -2*r = m + 11. Let i = -9 + r. Let l(o) = o**3 + 13*o**2 + 7*o - 15. What is the tens digit of l(i)?
4
Suppose 5*o - q + 5*q = -18, -2*o - 4*q = 0. Suppose 2*n + 3*n = -x + 9, -128 = -4*x + 3*n. Let p = x + o. What is the units digit of p?
3
Let k be 6186/12 - 3/2 - 1. Suppose 10*p - k - 877 = 0. What is the hundreds digit of p?
1
Let q = -5 + 8. Let l = q - 3. Suppose -36 + l = -4*b. What is the units digit of b?
9
Suppose 0 = 3*s - 1279 - 4196. What is the tens digit of (-1 + (-1)/5)/((-10)/s)?
1
Suppose -4*p + 2*k - 6*k = 4, 2*p - 2*k - 18 = 0. Suppose -p*c + 4*y = -28, -3*y + 0 = -2*c + 10. What is the units digit of c?
1
Let h = 1 - -2. Suppose -h*n + n = -44. Suppose -20*s + n*s = 102. What is the tens digit of s?
5
Suppose -35*r = -25*r - 19300. What is the tens digit of r?
3
Suppose 2*h - o - 31 = 0, -4*h - 13 + 78 = -3*o. Suppose 13*l = h*l - 12. What is the tens digit of l?
1
Let z be 6/16 - 17186/(-208). Let y = 115 - z. What is the units digit of y?
2
Let a be -485*(-3 - (-2 + (-6)/10)). Suppose -781 = -3*m - k - 263, -a = -m + 5*k. What is the tens digit of m?
7
Suppose 3*q + 3*q + 18 = 0. What is the tens digit of -6*q/(45/40)?
1
Suppose 0 = -2*u + 3*i - 57, 84 = -0*u - 3*u + 5*i. Let m be (-2)/1*u/6. What is the tens digit of ((-6)/4)/(m/(-308))?
4
Let k = -991 + 1630. What is the tens digit of k?
3
Suppose 9*c - 7*c + 2 = 0, f + 5*c = 135. What is the units digit of f?
0
What is the tens digit of (-210 + -41)*(-2 - -1)?
5
Let w = -23 + 29. Suppose -2*s - 4*a = w, -7*s - 3 = -2*s + 4*a. Suppose 0 = -4*r + 43 + s. What is the tens digit of r?
1
Suppose t + r - 127 = 0, t = -4*r - 0*r + 112. Suppose t*v = 135*v - 93. 